{"id":96,"date":"2018-02-19T14:58:40","date_gmt":"2018-02-19T13:58:40","guid":{"rendered":"http:\/\/wortreich-gmbh.ch\/?page_id=96"},"modified":"2026-01-01T21:03:16","modified_gmt":"2026-01-01T20:03:16","slug":"mehr","status":"publish","type":"page","link":"https:\/\/wortreich-gmbh.ch\/index.php\/mehr\/","title":{"rendered":"pers\u00f6nlich"},"content":{"rendered":"<p><img loading=\"lazy\" class=\"alignnone size-medium wp-image-142\" src=\"https:\/\/wortreich-gmbh.ch\/wp-content\/uploads\/2020\/07\/MONFLUE9333-Kopie-2-300x250.jpg\" alt=\"\" width=\"300\" height=\"250\" srcset=\"https:\/\/wortreich-gmbh.ch\/wp-content\/uploads\/2020\/07\/MONFLUE9333-Kopie-2-300x250.jpg 300w, https:\/\/wortreich-gmbh.ch\/wp-content\/uploads\/2020\/07\/MONFLUE9333-Kopie-2-768x641.jpg 768w, https:\/\/wortreich-gmbh.ch\/wp-content\/uploads\/2020\/07\/MONFLUE9333-Kopie-2-1024x855.jpg 1024w, https:\/\/wortreich-gmbh.ch\/wp-content\/uploads\/2020\/07\/MONFLUE9333-Kopie-2-640x534.jpg 640w, https:\/\/wortreich-gmbh.ch\/wp-content\/uploads\/2020\/07\/MONFLUE9333-Kopie-2-2048x1710.jpg 2048w, https:\/\/wortreich-gmbh.ch\/wp-content\/uploads\/2020\/07\/MONFLUE9333-Kopie-2-1440x1202.jpg 1440w, https:\/\/wortreich-gmbh.ch\/wp-content\/uploads\/2020\/07\/MONFLUE9333-Kopie-2-385x321.jpg 385w, https:\/\/wortreich-gmbh.ch\/wp-content\/uploads\/2020\/07\/MONFLUE9333-Kopie-2-770x643.jpg 770w\" sizes=\"(max-width: 639px) 98vw, (max-width: 1199px) 64vw, 300px\" \/><\/p>\n<p><strong>Ursula Marti<\/strong><\/p>\n<p><strong>Erfahrung, Wissen und Kontakte<br \/>\n<\/strong>aus 40 Berufsjahren<\/p>\n<ul>\n<li>Erweiterung der wortreich gmbh im Bereich Coaching und Moderation<\/li>\n<li>Master of Advanced Studies MAS in systemisch-l\u00f6sungsorientiertem Coaching an der Fachhochschule Nordwestschweiz<\/li>\n<li>Gesch\u00e4ftsf\u00fchrerin Verein Berner Tagesschulen<\/li>\n<li>Redaktionsleiterin Pr\u00e4ventionsmagazin<\/li>\n<li>Kursleiterin \u00d6ffentlichkeitsarbeit NGOs, Medienarbeit, Texten<\/li>\n<li>Betreuung zahlreicher Mandate u.a.in den Bereichen Pr\u00e4vention, Bildung, Gleichstellung, Politik, Verb\u00e4nde und Verwaltung<\/li>\n<li>Gr\u00fcndung der wortreich gmbh f\u00fcr Kommunikationsberatung<\/li>\n<li>Redaktionskurse am Medienausbildungszentrum MAZ Luzern<\/li>\n<li>Berufsbegleitende Ausbildungen am Schweizerischen PR-Institut SPRI zur PR-Fachfrau und zur eidg. dipl. PR-Beraterin<\/li>\n<li>9 Jahre im Informationsdienst der Beratungsstelle f\u00fcr Unfallverh\u00fctung bfu, zuletzt als stellvertretende Leiterin<\/li>\n<li>2 Sozialpraktika<\/li>\n<li>Erste Berufserfahrungen als kaufm\u00e4nnische Angestellte und im Journalismus<\/li>\n<li>Ecole Sup\u00e9rieure de Commerce, La Neuveville<\/li>\n<\/ul>\n<p><strong>Berufliche Netzwerke<\/strong><\/p>\n<ul>\n<li>B\u00fcrogemeinschaft <a href=\"https:\/\/maulbeer14.ch\/\">www.maulbeer14.ch<\/a><\/li>\n<li>Berner Public Relations Gesellschaft BPRG<\/li>\n<li>KV Bern<\/li>\n<\/ul>\n<p><strong>Engagements in Politik und Gesellschaft<\/strong><\/p>\n<ul>\n<li>Grossr\u00e4tin Kanton Bern <a href=\"http:\/\/www.ursulamarti.ch\">www.ursulamarti.ch<\/a><\/li>\n<li>Vizepr\u00e4sidentin Bildungskommission des Grossen Rats<\/li>\n<li>Mitglied Staatspolitische Kommission des Grossen Rats<\/li>\n<li>Mitglied Finanzkommission des Grossen Rats (2013 &#8211; 2021)<\/li>\n<li>Synodalr\u00e4tin Reformierte Kirchen Bern Jura Solothurn<\/li>\n<li>Stiftungsratspr\u00e4sidentin Kornhausbibliotheken Bern<\/li>\n<li>Pr\u00e4sidentin KV Bern<\/li>\n<li>Mitglied Verwaltungsrat Wirtschafts- und Kaderschule WKS Bern<\/li>\n<li>Mitglied Volkswirtschaftskommission des Kantons Bern<\/li>\n<li>Pr\u00e4sidentin Hauptstadtgenossenschaft (2018-2025)<\/li>\n<li>Vizepr\u00e4sidentin Bildung und Betreuung Schweiz (2006-2020)<\/li>\n<li>Pr\u00e4sidentin SP Kanton Bern ( 2014-2018)<\/li>\n<li>Stadtratspr\u00e4sidentin (2012)<\/li>\n<li>Stadtr\u00e4tin Bern (2006 &#8211; 2013)<\/li>\n<\/ul>\n<p><strong>Privat<\/strong><\/p>\n<ul>\n<li>verheiratet, 2 erwachsene Kinder, wohnhaft in der Berner L\u00e4nggasse<\/li>\n<\/ul>\n","protected":false},"excerpt":{"rendered":"<p>Ursula Marti Erfahrung, Wissen und Kontakte aus 40 Berufsjahren Erweiterung der wortreich gmbh im Bereich Coaching und Moderation Master of Advanced Studies MAS in systemisch-l\u00f6sungsorientiertem Coaching an der Fachhochschule Nordwestschweiz Gesch\u00e4ftsf\u00fchrerin Verein Berner Tagesschulen Redaktionsleiterin Pr\u00e4ventionsmagazin Kursleiterin \u00d6ffentlichkeitsarbeit NGOs, Medienarbeit, Texten Betreuung zahlreicher Mandate u.a.in den Bereichen Pr\u00e4vention, Bildung, Gleichstellung, Politik, Verb\u00e4nde und Verwaltung Gr\u00fcndung [&hellip;]<\/p>\n","protected":false},"author":3,"featured_media":0,"parent":0,"menu_order":0,"comment_status":"closed","ping_status":"closed","template":"","meta":[],"_links":{"self":[{"href":"https:\/\/wortreich-gmbh.ch\/index.php\/wp-json\/wp\/v2\/pages\/96"}],"collection":[{"href":"https:\/\/wortreich-gmbh.ch\/index.php\/wp-json\/wp\/v2\/pages"}],"about":[{"href":"https:\/\/wortreich-gmbh.ch\/index.php\/wp-json\/wp\/v2\/types\/page"}],"author":[{"embeddable":true,"href":"https:\/\/wortreich-gmbh.ch\/index.php\/wp-json\/wp\/v2\/users\/3"}],"replies":[{"embeddable":true,"href":"https:\/\/wortreich-gmbh.ch\/index.php\/wp-json\/wp\/v2\/comments?post=96"}],"version-history":[{"count":23,"href":"https:\/\/wortreich-gmbh.ch\/index.php\/wp-json\/wp\/v2\/pages\/96\/revisions"}],"predecessor-version":[{"id":393,"href":"https:\/\/wortreich-gmbh.ch\/index.php\/wp-json\/wp\/v2\/pages\/96\/revisions\/393"}],"wp:attachment":[{"href":"https:\/\/wortreich-gmbh.ch\/index.php\/wp-json\/wp\/v2\/media?parent=96"}],"curies":[{"name":"wp","href":"https:\/\/api.w.org\/{rel}","templated":true}]}}

persönlich

<p><img loading="lazy" class="alignnone size-medium wp-image-142" src="https://wortreich-gmbh.ch/wp-content/uploads/2020/07/MONFLUE9333-Kopie-2-300x250.jpg" alt="" width="300" height="250" srcset="https://wortreich-gmbh.ch/wp-content/uploads/2020/07/MONFLUE9333-Kopie-2-300x250.jpg 300w, https://wortreich-gmbh.ch/wp-content/uploads/2020/07/MONFLUE9333-Kopie-2-768x641.jpg 768w, https://wortreich-gmbh.ch/wp-content/uploads/2020/07/MONFLUE9333-Kopie-2-1024x855.jpg 1024w, https://wortreich-gmbh.ch/wp-content/uploads/2020/07/MONFLUE9333-Kopie-2-640x534.jpg 640w, https://wortreich-gmbh.ch/wp-content/uploads/2020/07/MONFLUE9333-Kopie-2-2048x1710.jpg 2048w, https://wortreich-gmbh.ch/wp-content/uploads/2020/07/MONFLUE9333-Kopie-2-1440x1202.jpg 1440w, https://wortreich-gmbh.ch/wp-content/uploads/2020/07/MONFLUE9333-Kopie-2-385x321.jpg 385w, https://wortreich-gmbh.ch/wp-content/uploads/2020/07/MONFLUE9333-Kopie-2-770x643.jpg 770w" sizes="(max-width: 639px) 98vw, (max-width: 1199px) 64vw, 300px" /></p>
<p><strong>Ursula Marti</strong></p>
<p><strong>Erfahrung, Wissen und Kontakte<br />
</strong>aus 40 Berufsjahren</p>
<ul>
<li>Erweiterung der wortreich gmbh im Bereich Coaching und Moderation</li>
<li>Master of Advanced Studies MAS in systemisch-lösungsorientiertem Coaching an der Fachhochschule Nordwestschweiz</li>
<li>Geschäftsführerin Verein Berner Tagesschulen</li>
<li>Redaktionsleiterin Präventionsmagazin</li>
<li>Kursleiterin Öffentlichkeitsarbeit NGOs, Medienarbeit, Texten</li>
<li>Betreuung zahlreicher Mandate u.a.in den Bereichen Prävention, Bildung, Gleichstellung, Politik, Verbände und Verwaltung</li>
<li>Gründung der wortreich gmbh für Kommunikationsberatung</li>
<li>Redaktionskurse am Medienausbildungszentrum MAZ Luzern</li>
<li>Berufsbegleitende Ausbildungen am Schweizerischen PR-Institut SPRI zur PR-Fachfrau und zur eidg. dipl. PR-Beraterin</li>
<li>9 Jahre im Informationsdienst der Beratungsstelle für Unfallverhütung bfu, zuletzt als stellvertretende Leiterin</li>
<li>2 Sozialpraktika</li>
<li>Erste Berufserfahrungen als kaufmännische Angestellte und im Journalismus</li>
<li>Ecole Supérieure de Commerce, La Neuveville</li>
</ul>
<p><strong>Berufliche Netzwerke</strong></p>
<ul>
<li>Bürogemeinschaft <a href="https://maulbeer14.ch/">www.maulbeer14.ch</a></li>
<li>Berner Public Relations Gesellschaft BPRG</li>
<li>KV Bern</li>
</ul>
<p><strong>Engagements in Politik und Gesellschaft</strong></p>
<ul>
<li>Grossrätin Kanton Bern <a href="http://www.ursulamarti.ch">www.ursulamarti.ch</a></li>
<li>Vizepräsidentin Bildungskommission des Grossen Rats</li>
<li>Mitglied Staatspolitische Kommission des Grossen Rats</li>
<li>Mitglied Finanzkommission des Grossen Rats (2013 &#8211; 2021)</li>
<li>Synodalrätin Reformierte Kirchen Bern Jura Solothurn</li>
<li>Stiftungsratspräsidentin Kornhausbibliotheken Bern</li>
<li>Präsidentin KV Bern</li>
<li>Mitglied Verwaltungsrat Wirtschafts- und Kaderschule WKS Bern</li>
<li>Mitglied Volkswirtschaftskommission des Kantons Bern</li>
<li>Präsidentin Hauptstadtgenossenschaft (2018-2025)</li>
<li>Vizepräsidentin Bildung und Betreuung Schweiz (2006-2020)</li>
<li>Präsidentin SP Kanton Bern ( 2014-2018)</li>
<li>Stadtratspräsidentin (2012)</li>
<li>Stadträtin Bern (2006 &#8211; 2013)</li>
</ul>
<p><strong>Privat</strong></p>
<ul>
<li>verheiratet, 2 erwachsene Kinder, wohnhaft in der Berner Länggasse</li>
</ul>

<p>Ursula Marti Erfahrung, Wissen und Kontakte aus 40 Berufsjahren Erweiterung der wortreich gmbh im Bereich Coaching und Moderation Master of Advanced Studies MAS in systemisch-lösungsorientiertem Coaching an der Fachhochschule Nordwestschweiz Geschäftsführerin Verein Berner Tagesschulen Redaktionsleiterin Präventionsmagazin Kursleiterin Öffentlichkeitsarbeit NGOs, Medienarbeit, Texten Betreuung zahlreicher Mandate u.a.in den Bereichen Prävention, Bildung, Gleichstellung, Politik, Verbände und Verwaltung Gründung [&hellip;]</p>
