{"id":259,"date":"2020-10-17T12:31:31","date_gmt":"2020-10-17T10:31:31","guid":{"rendered":"https:\/\/wortreich-gmbh.ch\/?page_id=259"},"modified":"2020-10-19T14:29:52","modified_gmt":"2020-10-19T12:29:52","slug":"themenliste","status":"publish","type":"page","link":"https:\/\/wortreich-gmbh.ch\/index.php\/themenliste\/","title":{"rendered":"Themenliste"},"content":{"rendered":"\n<p>Schreiben<\/p>\n\n\n\n<ul><li>Einfach und verst\u00e4ndlich schreiben<\/li><li>So entsteht ein Bild im Kopf<\/li><li>Kreativit\u00e4tstechniken<\/li><li>Texte strukturieren<\/li><li>Der Schreibprozess: Schritt f\u00fcr Schritt zum guten Text<\/li><li>Welcher Stil f\u00fcr welche Textart?<\/li><li>Meinen pers\u00f6nlichen Schreibstil entwickeln<\/li><li>Strategien gegen den Schreibstau<\/li><\/ul>\n\n\n\n<p>Auftritt vor Publikum:<br>Was ist meine Botschaft? Wie trete ich \u00fcberzeugend auf?<\/p>\n\n\n\n<ul><li>Rede<\/li><li>Medieninterview<\/li><li>Kontradiktorisches Streitgespr\u00e4ch\/Podium<\/li><li>Gespr\u00e4chsf\u00fchrung<\/li><\/ul>\n\n\n\n<p>Auftritt im Netz:<br>Meine pers\u00f6nliche Online-Strategie: Wie pr\u00e4sentiere ich mich? Welche Kan\u00e4le machen f\u00fcr mich Sinn? Wie bewirtschafte ich diese?<\/p>\n\n\n\n<ul><li>Website<\/li><li>Blog \/ Newsletter<\/li><li>Social Media<\/li><\/ul>\n\n\n\n<p>Sprache erfolgreich einsetzen<\/p>\n\n\n\n<ul><li>Partnerschaftlich und konstruktiv kommunizieren&nbsp;<\/li><li>Welche (auch ungewollten) Botschaften sendet meine Sprache aus?<\/li><li>Geschlechtergerechte Kommunikation<\/li><li>Schlagfertig sein ist lernbar<\/li><\/ul>\n\n\n\n<p>Strategien und Konzepte<\/p>\n\n\n\n<ul><li>Ziele definieren \u2013 Ziele erreichen<\/li><li>Von der Idee zur Strategie<\/li><li>Neue Perspektiven gewinnen<\/li><\/ul>\n","protected":false},"excerpt":{"rendered":"<p>Schreiben Einfach und verst\u00e4ndlich schreiben So entsteht ein Bild im Kopf Kreativit\u00e4tstechniken Texte strukturieren Der Schreibprozess: Schritt f\u00fcr Schritt zum guten Text Welcher Stil f\u00fcr welche Textart? Meinen pers\u00f6nlichen Schreibstil entwickeln Strategien gegen den Schreibstau Auftritt vor Publikum:Was ist meine Botschaft? Wie trete ich \u00fcberzeugend auf? Rede Medieninterview Kontradiktorisches Streitgespr\u00e4ch\/Podium Gespr\u00e4chsf\u00fchrung Auftritt im Netz:Meine pers\u00f6nliche [&hellip;]<\/p>\n","protected":false},"author":4,"featured_media":0,"parent":0,"menu_order":0,"comment_status":"closed","ping_status":"closed","template":"","meta":[],"_links":{"self":[{"href":"https:\/\/wortreich-gmbh.ch\/index.php\/wp-json\/wp\/v2\/pages\/259"}],"collection":[{"href":"https:\/\/wortreich-gmbh.ch\/index.php\/wp-json\/wp\/v2\/pages"}],"about":[{"href":"https:\/\/wortreich-gmbh.ch\/index.php\/wp-json\/wp\/v2\/types\/page"}],"author":[{"embeddable":true,"href":"https:\/\/wortreich-gmbh.ch\/index.php\/wp-json\/wp\/v2\/users\/4"}],"replies":[{"embeddable":true,"href":"https:\/\/wortreich-gmbh.ch\/index.php\/wp-json\/wp\/v2\/comments?post=259"}],"version-history":[{"count":2,"href":"https:\/\/wortreich-gmbh.ch\/index.php\/wp-json\/wp\/v2\/pages\/259\/revisions"}],"predecessor-version":[{"id":268,"href":"https:\/\/wortreich-gmbh.ch\/index.php\/wp-json\/wp\/v2\/pages\/259\/revisions\/268"}],"wp:attachment":[{"href":"https:\/\/wortreich-gmbh.ch\/index.php\/wp-json\/wp\/v2\/media?parent=259"}],"curies":[{"name":"wp","href":"https:\/\/api.w.org\/{rel}","templated":true}]}}